+ 52 = -116. What is the remainder when p is divided by 5?
3
Suppose -2*x + 18 = -34. Suppose 2*j + 39 = 5*a, -29 = -3*a - 0*a + 4*j. Calculate the remainder when x is divided by a.
5
Let b(a) = -4*a**3 - a - 1. Suppose 3*q - q - 6 = 0. Suppose 3*o + 5*s - 22 = 2*o, -5*o - q*s = -44. Calculate the remainder when o is divided by b(-1).
3
Let l(x) = 12*x. Let j be l(-1). Let n be (-1)/(1 + j/9). Suppose 4*f + 10 = -y + 4*y, 9 = 3*y - n*f. What is the remainder when 2 is divided by y?
0
Suppose -2*z + 77 = -w, z + 0*w = -5*w + 22. Calculate the remainder when z is divided by 13.
11
Suppose 0 = 3*k + 5*m - 26, -2*m = -5*k + 2*m + 105. Suppose -s - 5 = 0, -v + 3*s + 45 = 4*s. Calculate the remainder when v is divided by k.
16
Let w be (-8)/((20/12)/(-5)). Let a = w - 9. Calculate the remainder when (-3)/(-2)*(18 - 0) is divided by a.
12
Let n be 1/(-3) + 7/3. Let x be ((-5 - -1) + n)*22. What is the remainder when 4/(-2) - (-1 + x) is divided by 15?
13
Let f(s) = -s**3 - 7*s**2 + 8*s + 11. What is the remainder when f(-8) is divided by 0 + 1 - (-4 + 1)?
3
Suppose 2*d - 3*j = -0*d - 2, -3*d + 3*j = 0. Let q = 10 + d. Suppose -4*c = -w - 137, -5*w = -19 + 4. What is the remainder when c is divided by q?
11
Suppose -2*f = 5*w - 5*f - 410, -390 = -5*w - f. What is the remainder when w is divided by 27?
25
Suppose 9 = d - 2*d. What is the remainder when (-176)/(-6) + 3/d is divided by 16?
13
Let s = 10 + -3. What is the remainder when s is divided by 4?
3
Let g(f) = f**2 - 2*f. Let z(d) = -2*d**2 - 2*d - 1. Let v be z(-1). Calculate the remainder when 1*(v - -11)/2 is divided by g(3).
2
Suppose 0 - 36 = -4*w - 5*f, 4*w - 4*f - 36 = 0. Calculate the remainder when 61 is divided by w.
7
Suppose -64 = -807*k + 799*k. Suppose 0 = 3*t + 5*l - 21 - 89, 0 = -4*t + 2*l + 112. What is the remainder when t is divided by k?
6
Calculate the remainder when (-1 - 1)/(12/(-126)) is divided by 8.
5
Let i = -5 + 8. Suppose 3*c - 288 = -i*c. Calculate the remainder when c is divided by (25/(-3))/(2/(-6)).
23
Suppose -10*i + 6*i + 300 = 0. Calculate the remainder when i is divided by 13.
10
Suppose 32*f + 48 = 35*f. What is the remainder when 28 is divided by f?
12
Let o(c) = c**2 + c - 104. Let b be o(0). Calculate the remainder when 38 is divided by 2/(-5) + b/(-10).
8
Let g = 68 + -34. Calculate the remainder when 99 is divided by g.
31
Let s(a) = 27*a - 3. Let i(g) = 1 + 2 + 15*g - g - 5. Let x(d) = 5*i(d) - 3*s(d). Calculate the remainder when 19 is divided by x(-1).
9
Suppose -q + 2*q = -26. Suppose 9*a - 5*x - 84 = 5*a, 2*a + 2*x = 60. Calculate the remainder when a is divided by 1 + (-2)/4*q.
12
Let d = 4 + -1. Suppose 0*n - 2*n = 2*z - 14, -26 = -d*z + 2*n. Calculate the remainder when z is divided by 5.
3
Suppose -4*p + 3*l + 95 = 0, 0 = -2*l - 9 - 1. Calculate the remainder when p is divided by 11.
9
Suppose 2*y - 156 = -2*y. Let n = y + -27. Calculate the remainder when 22 is divided by n.
10
Suppose 3*h = -3*b + 6, 2*b - 4 = -4*h - 3*b. Let f(q) = -q**3 + 7*q**2 + q - 2. Calculate the remainder when f(h) is divided by 21.
19
Suppose -3*a - 56 = 4*q - 306, 3*a = -q + 67. What is the remainder when q is divided by 22?
17
Let h(g) = -2*g - 9. Let o be h(-8). Let w(z) = z**3 - 6*z**2 - 6*z + 7. What is the remainder when 27 is divided by w(o)?
13
Suppose h - 11 = m, 6*h - 35 = h - 5*m. Calculate the remainder when h is divided by 4.
1
Let n = 70 + -63. What is the remainder when 26 is divided by n?
5
Let s = 13 + -9. Let d(v) = v**2 + 2*v**2 + 2*v**2 - 6*v**2 + 3 - v. Calculate the remainder when s is divided by d(0).
1
Suppose -p - 14 = 2*b + 13, 4*b + 4*p = -48. Let n = b + 30. Calculate the remainder when (1*66)/((-3)/(-2)) is divided by n.
14
Suppose -4*q = -7*q. Let v be (7 - q) + 6/(-3). Suppose 4*f = 3*h + 19, -v*h = 10 - 5. What is the remainder when f is divided by 2?
0
Let q = -1 + -1. What is the remainder when 53 is divided by (3/q)/(3/(-36))?
17
Let p = 18 - 9. Let w be (-3 - -2)/((-2)/8). Suppose 4 + 64 = w*u. Calculate the remainder when u is divided by p.
8
Let h = -79 + 150. Suppose 3*u - h = 28. Let b = u + -19. What is the remainder when b is divided by 8?
6
Suppose -2*c - 3*d + 70 = 0, c + 0*c - 35 = 4*d. What is the remainder when c is divided by 9?
8
Let a(i) = -i + 4. Let v(j) = -2*j + 3. Let c(q) = 6*a(q) - 4*v(q). Suppose 0*x - 2 = -x. What is the remainder when c(-4) is divided by x?
0
Let t = -24 + 35. Let h(g) be the third derivative of -g**6/120 - 11*g**5/60 - g**4/12 - g**3/3 - g**2. Calculate the remainder when h(-11) is divided by t.
9
Suppose v = -5*q + 23, 4*q = 2*v + q - 46. What is the remainder when v is divided by 15*(4/10 - 0)?
5
Let t(q) be the second derivative of 13*q**4/12 - q**3/6 - q**2/2 - 9*q. What is the remainder when 21 is divided by t(-1)?
8
Let h(g) = g + 7. Let c be h(-9). What is the remainder when c/4*-1*16 is divided by (-14)/(-6) + 4/6?
2
Let w(f) = -f**3 + 10*f**2 + 15*f - 4. What is the remainder when w(11) is divided by 21?
19
Let l be (-6 + 3)*4/6. Let s(j) = -19*j - 3. Let a(f) = -3*f - 6. Calculate the remainder when s(l) is divided by a(-6).
11
Suppose 18 + 33 = 3*t. Calculate the remainder when 31 is divided by t.
14
Suppose 4*m - 14 - 6 = 0. Suppose -2*a + 70 = 2*a + t, -58 = -4*a + m*t. Calculate the remainder when 48 is divided by a.
14
Suppose 6*j - 7*j + 39 = 0. What is the remainder when j is divided by 7?
4
Suppose 6*x - 413 = -x. Suppose -z + 108 = 42. Let i = -46 + z. What is the remainder when x is divided by i?
19
Suppose -f = -4*f + 123. Suppose 24*g - 19*g = 55. What is the remainder when f is divided by g?
8
Suppose -q + 28 = -14. Suppose -2*u + q = -3*b - b, -5*b = 5*u - 135. Calculate the remainder when u is divided by 14.
11
Suppose 5*u = r + 72, 0 = 3*u - 2*r - 21 - 18. Calculate the remainder when 74 is divided by u.
14
Suppose -3*n + 23 = -2*s, 4*n - 18 = 2*n + 2*s. Suppose 8 = n*l - 22. Let u(p) = p**3 - 5*p**2 - 5*p - 2. Calculate the remainder when l is divided by u(6).
2
Let y = 79 - 38. Let c(b) = -2*b**3 - 4*b**2 + 2*b + 3. Calculate the remainder when y is divided by c(-3).
11
Let t(f) = 3*f - 11. Let g = 103 - 57. What is the remainder when g is divided by t(9)?
14
Let o(d) = d. Let p be o(2). Suppose 3*n = p*k + 6 + 43, -4*n - 2*k + 42 = 0. Let r(w) = 23*w**2 - w - 1. What is the remainder when r(-1) is divided by n?
10
Let n(h) = -h**3 + h**2 + 2*h + 2. Let x(i) = -i**3 - 25*i**2 + 25*i + 2. What is the remainder when x(-26) is divided by n(-2)?
8
Let s = -7 + 3. Let g(w) be the third derivative of w**6/120 + w**5/10 + 7*w**4/24 + w**3 - w**2. What is the remainder when g(s) is divided by 4?
2
Suppose f - 2*f + 3*m = 81, -3*f - 3*m - 267 = 0. Let w = -59 - f. What is the remainder when w is divided by 15?
13
Suppose 3*n - 15 = x + x, -4*n - x = -20. Suppose -3*h - n*g + 34 = 0, 2*h + 5*g - 44 + 18 = 0. Calculate the remainder when 31 is divided by h.
7
Let b be (2 - 0/(-3)) + 25. Calculate the remainder when 41 is divided by ((-14)/(-3))/(6/b).
20
Let p(g) = -g - 4. Let z(v) = 18*v. What is the remainder when z(1) is divided by p(-9)?
3
Let l = 7 - -12. Suppose -2*g - 2 + 4 = 2*b, b = 4. Calculate the remainder when l is divided by 2/g*3*-5.
9
Let m(r) be the third derivative of r**6/120 - 7*r**5/60 - r**4/4 - 3*r**3/2 - 2*r**2. Let g = 46 - 33. What is the remainder when g is divided by m(8)?
6
Let c(w) = w**2 + 22. What is the remainder when 43 is divided by c(0)?
21
Let r = 3 - -9. Let b(j) = -j**2 + 5*j - 6. Let o be b(5). Let f(y) = -y**3 - 5*y**2 + 4*y - 5. What is the remainder when r is divided by f(o)?
5
Let g(s) = -1. Let a(z) = 8*z - 1. Let o(y) = a(y) + 4*g(y). Calculate the remainder when o(5) is divided by 18.
17
Suppose 4*w - 63 = -2*v - 7, 0 = 4*w - 2*v - 72. What is the remainder when 46 is divided by w?
14
Suppose -q + 14 = 3*a, 0 = 3*a - 6*a + 3*q + 6. Suppose -2*g + 44 = a*b - 2*b, -4*b + 90 = 5*g. Calculate the remainder when b is divided by 7.
6
Let b(q) = -q**3 + 2*q**2 + 8*q - 4. What is the remainder when 85 is divided by b(3)?
8
Suppose -1541 = 2*x - 7*x - s, -5*x = -4*s - 1561. Calculate the remainder when x is divided by 62.
61
Let s = 48 + -25. Suppose 0 = 3*r - i - 249 + 48, -5*r - 3*i = -335. What is the remainder when r is divided by